9350. What is g(105)?
-5
Let h(s) = 16*s - 138. Give h(-6).
-234
Let j(h) = h**3 - 55*h**2 - 365*h - 73. Determine j(61).
-12
Let t(k) = -18*k - 76. Determine t(-4).
-4
Let p(d) = -22795*d - 296329. Give p(-13).
6
Let j(m) = -42*m**3 - m**2 + 4*m + 5. What is j(-1)?
42
Let n(q) = q**3 + 12*q**2 - 10*q - 2. What is n(-12)?
118
Let w(f) = -f**3 - 17*f**2 - 21*f - 88. Determine w(-16).
-8
Let u(f) = -171*f + 16. Give u(-2).
358
Let x(h) = 7*h**3 + 51*h**2 - 30*h + 86. Calculate x(-8).
6
Let v(z) = -215*z - 9. Give v(-1).
206
Let n(z) = -21*z**3 - 268*z**2 + 22*z - 560. Give n(-13).
-1
Let n(p) = -6*p**2 - 37*p + 4689. Determine n(25).
14
Let j(q) = -q + 90. Determine j(11).
79
Let z(f) = -142*f - 1416. Give z(-10).
4
Let i(n) = -3*n**3 - 38*n**2 - 55*n + 27. Calculate i(-11).
27
Let u(z) = z**2 - 2241*z - 15756. What is u(-7)?
-20
Let f(p) = p**2 + 10*p - 215. What is f(-24)?
121
Let u(o) = -3799*o + 22795. Determine u(6).
1
Let w(g) = 4*g**3 - 2*g**2 + 14*g + 26. Calculate w(-2).
-42
Let r(s) = -12*s**3 + 108*s**2 - 4*s + 33. What is r(9)?
-3
Let b(v) = 8*v - 363. Give b(72).
213
Let z(r) = -3*r**3 + 168*r + 168. What is z(-1)?
3
Let w(r) = 20*r - 198. Give w(13).
62
Let v(z) = -7*z**2 + 89*z + 33. Determine v(14).
-93
Let y(u) = u - 78. What is y(70)?
-8
Let m(c) = 3*c**3 - 12*c**2 + 10*c - 108. Give m(7).
403
Let n(c) = c**3 + 29*c**2 + 129*c + 39. What is n(-23)?
246
Let p(u) = -16*u - 190. What is p(-17)?
82
Let w(i) = -i**2 - 1216*i + 17222. Determine w(14).
2
Let r(u) = u**2 - 20*u - 232. Determine r(34).
244
Let m(w) = -w**3 + 17*w**2 + 56*w + 86. Give m(20).
6
Let g(s) = -41*s**2 + 206*s + 8. Give g(5).
13
Let m(w) = -675*w - 24968. Give m(-37).
7
Let c(t) = -2*t**2 + 332*t - 1624. Give c(5).
-14
Let v(f) = -5*f**3 + 167*f**2 - 69*f - 50. Determine v(33).
-149
Let a(z) = -2*z**2 + 74*z - 225. Give a(35).
-85
Let s(g) = g**2 + 25*g + 166. Give s(-13).
10
Let h(w) = -177*w - 1614. Give h(-9).
-21
Let n(y) = 12812*y - 25625. Determine n(2).
-1
Let o(x) = -x**3 + 3*x**2 - 15*x - 24. Determine o(-4).
148
Let r(b) = 2*b**2 + 1081*b + 10. What is r(0)?
10
Let q(p) = 56*p + 122. What is q(-2)?
10
Let n(b) = -2*b**3 + 71*b**2 + 703*b + 16. Determine n(-8).
-40
Let z(j) = 3*j**2 - 150*j - 126. Determine z(51).
27
Let b(s) = -3*s**3 + 56*s**2 + 25*s + 12. What is b(19)?
126
Let i(m) = m**3 + 25*m**2 - 24*m + 108. What is i(-26)?
56
Let z(v) = v**3 + 20*v**2 - 3*v + 403. Give z(-21).
25
Let d(m) = -m**3 - 49*m**2 - 292*m + 82. Calculate d(-42).
-2
Let l(s) = s**2 - 36*s - 900. Calculate l(-17).
1
Let j(p) = 2*p**3 + 101*p**2 + 286*p + 2210. What is j(-48)?
2
Let x(b) = 96*b + 3832. Calculate x(-40).
-8
Let r(f) = -64*f + 13. Calculate r(-2).
141
Let p(b) = 4*b - 23. Determine p(6).
1
Let p(u) = -596*u + 650. Determine p(1).
54
Let j(o) = 189*o + 917. Calculate j(-4).
161
Let f(w) = w**3 - 121*w**2 + 476*w - 14403. What is f(118)?
-7
Let n(u) = 10*u**2 - 34*u + 125. Give n(4).
149
Let y(k) = -k**2 - 43*k - 98. Calculate y(-31).
274
Let x(a) = -a**3 + 196*a**2 + 21*a - 4116. Determine x(196).
0
Let y(o) = -23*o + 2000. Give y(87).
-1
Let p(u) = -2*u - 7. Determine p(8).
-23
Let m(j) = 2*j**2 - 252*j + 1521. Give m(120).
81
Let a(l) = -2*l**3 - 149*l**2 - 1344*l - 3. Give a(-64).
-3
Let t(l) = -l**3 - 10*l**2 + 3*l + 6. Give t(0).
6
Let u(h) = -133*h**2 - 7313*h + 107. Calculate u(-55).
-3
Let s(k) = 87*k - 6751. Determine s(77).
-52
Let f(l) = 9*l**3 + 95*l**2 - 40*l + 50. Calculate f(-11).
6
Let x(i) = -i**3 - 19*i**2 + 276*i + 5262. Determine x(-17).
-8
Let g(z) = -z**3 + 62*z**2 + 61*z + 62. Calculate g(63).
-64
Let m(w) = -4*w + 7. Calculate m(-32).
135
Let u(h) = h**3 - 186*h**2 + 3320*h - 60. What is u(166)?
-60
Let g(c) = 13*c + 759. What is g(-51)?
96
Let q(l) = 227*l + 41308. Give q(-182).
-6
Let h(g) = -5*g + 238. Give h(6).
208
Let l(d) = d**3 + 5*d**2 - 9*d - 41. What is l(-4)?
11
Let l(p) = 2*p**2 + 205*p + 2320. What is l(-13)?
-7
Let a(n) = -n**3 - 5*n**2 + 4*n + 10. Determine a(-5).
-10
Let n(f) = 74*f**3 - 10*f**2 + 9*f + 3. Determine n(1).
76
Let d(g) = 42*g**2 + 3647*g - 582. Calculate d(-87).
27
Let u(q) = -2*q**3 + 29*q**2 - 13*q - 32. Calculate u(14).
-18
Let i(q) = -2*q**3 + 179*q**2 + 102*q - 466. Calculate i(90).
614
Let v(q) = -17*q**2 - 1137*q + 134. Give v(-67).
0
Let h(l) = 3428*l**2 - 3437*l + 1. Calculate h(1).
-8
Let o(y) = 33*y + 392. Give o(-11).
29
Let a(p) = -7*p - 78. Give a(-28).
118
Let v(j) = -13*j - 343. Give v(-13).
-174
Let x(o) = -2*o**2 + 48*o - 86. Give x(22).
2
Let a(y) = 3*y**2 + 410*y - 1261. What is a(3)?
-4
Let s(i) = -3*i**3 - i**2 - 11*i - 11. Determine s(0).
-11
Let c(m) = -1118*m - 10061. What is c(-9)?
1
Let s(u) = -42*u + 391. Calculate s(9).
13
Let i(y) = -y**2 + 172*y - 4262. What is i(30)?
-2
Let s(a) = -6*a**2 - 2*a + 276. Give s(-7).
-4
Let h(k) = -65*k**3 - 45*k - 45. Determine h(-1).
65
Let w(b) = 2*b**3 - 97*b**2 + 50*b - 83. Give w(48).
13
Let n(l) = -365*l - 1097. Give n(-3).
-2
Let o(t) = 28*t - 1721. Calculate o(46).
-433
Let v(a) = -32*a + 2299. Give v(72).
-5
Let z(a) = -a**3 - 42*a**2 + 229*a + 339. Calculate z(6).
-15
Let s(z) = 9*z**3 - 6*z**2 + 4*z - 12. What is s(4)?
484
Let f(u) = -2*u**2 + 43*u + 335. Determine f(-6).
5
Let l(m) = 7*m - 33. What is l(-1)?
-40
Let k(d) = 3*d**2 + 60*d - 52. What is k(-22)?
80
Let k(w) = w**3 + 11*w + 59. Determine k(-3).
-1
Let a(q) = 23*q**2 - 1472*q + 1437. Calculate a(63).
-12
Let w(z) = 40*z**3 + 158*z**2 - 8*z - 15. Calculate w(-4).
-15
Let h(q) = -56*q - 635. Give h(-11).
-19
Let r(y) = -8*y**3 - 2*y**2 + y. Give r(3).
-231
Let r(s) = -31*s + 7039. Determine r(227).
2
Let a(q) = q**3 + 30*q**2 + 2*q + 91. Give a(-30).
31
Let i(d) = -d**3 + 77*d**2 + 85*d - 431. Determine i(78).
115
Let c(y) = -67*y - 14. Determine c(-4).
254
Let s(a) = -a + 148. Calculate s(127).
21
Let s(f) = -70*f + 160. Give s(3).
-50
Let a(g) = -g**3 + g**2 + 44*g + 4. Determine a(6).
88
Let t(h) = -327*h + 2594. Give t(8).
-22
Let w(d) = -d**2 + 20*d - 18. Determine w(1).
1
Let j(k) = -14*k + 297. Calculate j(21).
3
Let y(b) = -10*b**3 + 18*b**2 - 12*b - 5. Determine y(3).
-149
Let w(y) = y**3 + 26*y**2 - 52*y + 109. What is w(-28)?
-3
Let l(q) = 4*q**3 + 28*q**2 - 54*q - 83. Calculate l(-8).
93
Let i(x) = 34*x - 683. Determine i(20).
-3
Let l(q) = -19*q - 593. Determine l(-30).
-23
Let j(w) = -w**3 - 2*w**2 + 7*w - 25. Determine j(-6).
77
Let r(b) = -40*b + 2719. Determine r(68).
-1
Let o(a) = -a**2 + 115*a - 1851. Give o(96).
-27
Let f(c) = -62*c - 695. Calculate f(-11).
-13
Let r(v) = -2*v**3 + 141*v**2 - 1819*v + 20. Give r(17).
20
Let b(v) = 8*v**2 - 41*v - 5. Determine b(5).
-10
Let v(u) = 7*u + 1317. Determine v(-189).
-6
Let h(d) = -d**2 + 92*d - 2279. Calculate h(46).
-163
Let i(z) = 203*z**2 - 102*z + 104. Determine i(1).
205
Let d(h) = -h**3 + 62*h**2 - 62*h + 42. What is d(61)?
-19
Let v(x) = 46*x - 1010. Determine v(22).
2
Let t(r) = -r**3 + 2*r**2 + 36*r + 1. Give t(8).
-95
Let y(k) = -2*k**2 - 208*k + 1809. Give y(8).
17
Let w(s) = s**2 + 1862*s + 386510. What is w(-238)?
-2
Let y(v) = 2*v**2 + 13*v + 6. Give y(-4).
-14
Let g(l) = 29*l**3 + 7*l**2 - 9*l - 30. Give g(-2).
-216
Let o(p) = p - 54. Determine o(13).
-41
Let g(u) = -2178*u + 8713. Give g(4).
1
Let q(u) = -6*u**2 + 14*u - 24. Determine q(8).
-296
Let q(j) = j**3 + 54*j**2 + 105*j + 22. Determine q(-52).
-30
Let v(c) = 13*c + 733. Give v(-55).
18
Let v(p) = -p**3 + 32*p**2 + 61*p + 69. Calculate v(34).
-169
Let i(t) = -17*t + 453. Give i(17).
164
Let c(y) = 8*y + 102. Determine c(-63).
-402
Let p(t) = t**2 + 987*t - 11988. Determine p(12).
0
Let c(y) = 3*y**2 - 2043*y - 18620. Calculate c(-9).
10
Let p(n) = 78*n + 2076. Calculate p(-27).
-30
Let j(a) = a**3 - 36*a**2 + 70*a - 65. Give j(34).
3
Let i(p) = -p**3 + 546*p**2 - 638*p + 50683. Calculate i(545).
-2
Let c(y) = 5304*y + 15902. Determine c(-3).
-10
Let y(b) = -2*b**2 - 180*b + 794. Give y(-94).
42
Let c(w) = -w**3 - 11*w**2 - 10*w + 11. Determine c(-3).
-31
Let k(b) = -b**3 + 306*b**2 + 51*b - 15601. Calculate k(306).
5
Let f(l) = 6*l**3 - 267*l**2 + 129*l + 92. What is f(44)?
-40
Let j(d) = -5*d**2 - 669*d + 6593. Give j(-143).
15
Let j(x) = 829*x - 2479. What is j(3)?
8
Let s(r) = 2*r**3 - 7*r**2 - 6*r + 1. Calculate s(4).
-7
L